{"id":6,"date":"2022-11-01T11:51:36","date_gmt":"2022-11-01T08:51:36","guid":{"rendered":"https:\/\/alsysmuhendislik.com\/?page_id=6"},"modified":"2023-04-15T22:30:06","modified_gmt":"2023-04-15T19:30:06","slug":"hakkimizda","status":"publish","type":"page","link":"https:\/\/alsysmuhendislik.com\/?page_id=6","title":{"rendered":"Hakk\u0131m\u0131zda"},"content":{"rendered":"\n<p><strong><em>ALSYS M\u00fchendislik \u015eirketi Olarak,<\/em><\/strong><\/p>\n\n\n\n<ul><li>End\u00fcstriyel Makina Otomasyonu<\/li><li>Fabrika Otomasyonu<\/li><li>Proses Otomasyonu<\/li><li>CNC-Robotik Servo Kontrol Uygulamalar\u0131<\/li><li>Scada Sistemleri<\/li><\/ul>\n\n\n\n<p class=\"has-extra-small-font-size\">Hedefimiz at\u00f6lyemizde montaj\u0131n\u0131 ger\u00e7ekle\u015ftirdi\u011fimiz m\u00fc\u015fterilerimizin makinelerine \u00f6zel olarak tasarlanm\u0131\u015f otomasyon panolar\u0131n\u0131n, makinelere montaj\u0131n\u0131 da sa\u011flad\u0131ktan sonra programlama a\u015famas\u0131nda her zaman m\u00fc\u015fterilerimizin isteklerini ve beklentilerini g\u00f6z \u00f6n\u00fcne alarak en k\u0131sa s\u00fcrede projelerin sonuna sorunsuz bir \u015fekilde ula\u015f\u0131m\u0131n\u0131 sa\u011flamak.<\/p>\n\n\n\n<p class=\"has-extra-small-font-size\">Proje teslim sonras\u0131nda olas\u0131 ar\u0131zalarda yerinde veya uzaktan ba\u011flant\u0131 ile 7\/24 destek sa\u011flay\u0131p m\u00fc\u015fteri memnuniyetini en \u00fcst seviyede tutmakt\u0131r.<\/p>\n\n\n\n<p class=\"has-extra-small-font-size\">Projeleriniz i\u00e7in bizden teklif almadan harekete ge\u00e7meyin&#8230;<\/p>\n\n\n\n<p style=\"line-height:10\"><\/p>\n\n\n\n<figure class=\"wp-block-image alignwide size-large is-style-default\"><img loading=\"lazy\" width=\"1024\" height=\"132\" src=\"https:\/\/alsysmuhendislik.com\/wp-content\/uploads\/2022\/11\/markalar-1-1024x132.png\" alt=\"\" class=\"wp-image-136\" srcset=\"https:\/\/alsysmuhendislik.com\/wp-content\/uploads\/2022\/11\/markalar-1-1024x132.png 1024w, https:\/\/alsysmuhendislik.com\/wp-content\/uploads\/2022\/11\/markalar-1-300x39.png 300w, https:\/\/alsysmuhendislik.com\/wp-content\/uploads\/2022\/11\/markalar-1-768x99.png 768w, https:\/\/alsysmuhendislik.com\/wp-content\/uploads\/2022\/11\/markalar-1.png 1241w\" sizes=\"(max-width: 1024px) 100vw, 1024px\" \/><\/figure>\n","protected":false},"excerpt":{"rendered":"<p>ALSYS M\u00fchendislik \u015eirketi Olarak, End\u00fcstriyel Makina Otomasyonu Fabrika Otomasyonu Proses Otomasyonu CNC-Robotik Servo Kontrol Uygulamalar\u0131 Scada Sistemleri Hedefimiz at\u00f6lyemizde montaj\u0131n\u0131 ger\u00e7ekle\u015ftirdi\u011fimiz m\u00fc\u015fterilerimizin makinelerine \u00f6zel olarak tasarlanm\u0131\u015f otomasyon panolar\u0131n\u0131n, makinelere montaj\u0131n\u0131 da sa\u011flad\u0131ktan sonra programlama a\u015famas\u0131nda her zaman m\u00fc\u015fterilerimizin isteklerini ve beklentilerini g\u00f6z \u00f6n\u00fcne alarak en k\u0131sa s\u00fcrede projelerin sonuna sorunsuz bir \u015fekilde ula\u015f\u0131m\u0131n\u0131 sa\u011flamak. Proje&hellip; <a class=\"more-link\" href=\"https:\/\/alsysmuhendislik.com\/?page_id=6\">Okumaya devam et <span class=\"screen-reader-text\">Hakk\u0131m\u0131zda<\/span><\/a><\/p>\n","protected":false},"author":1,"featured_media":0,"parent":0,"menu_order":0,"comment_status":"closed","ping_status":"closed","template":"","meta":[],"_links":{"self":[{"href":"https:\/\/alsysmuhendislik.com\/index.php?rest_route=\/wp\/v2\/pages\/6"}],"collection":[{"href":"https:\/\/alsysmuhendislik.com\/index.php?rest_route=\/wp\/v2\/pages"}],"about":[{"href":"https:\/\/alsysmuhendislik.com\/index.php?rest_route=\/wp\/v2\/types\/page"}],"author":[{"embeddable":true,"href":"https:\/\/alsysmuhendislik.com\/index.php?rest_route=\/wp\/v2\/users\/1"}],"replies":[{"embeddable":true,"href":"https:\/\/alsysmuhendislik.com\/index.php?rest_route=%2Fwp%2Fv2%2Fcomments&post=6"}],"version-history":[{"count":22,"href":"https:\/\/alsysmuhendislik.com\/index.php?rest_route=\/wp\/v2\/pages\/6\/revisions"}],"predecessor-version":[{"id":198,"href":"https:\/\/alsysmuhendislik.com\/index.php?rest_route=\/wp\/v2\/pages\/6\/revisions\/198"}],"wp:attachment":[{"href":"https:\/\/alsysmuhendislik.com\/index.php?rest_route=%2Fwp%2Fv2%2Fmedia&parent=6"}],"curies":[{"name":"wp","href":"https:\/\/api.w.org\/{rel}","templated":true}]}}